e the remainder when 30439777 is divided by 980.
977
What is the remainder when 20217 is divided by 4880?
697
What is the remainder when 6138433 is divided by 153459?
73
Calculate the remainder when 5420648 is divided by 126.
2
Calculate the remainder when 603088 is divided by 40196.
148
Calculate the remainder when 2329529 is divided by 137016.
257
Calculate the remainder when 40634163 is divided by 935.
933
What is the remainder when 12008657 is divided by 10151?
24
What is the remainder when 941957 is divided by 48?
5
Calculate the remainder when 21795 is divided by 351.
33
What is the remainder when 6777535 is divided by 99?
94
Calculate the remainder when 410906 is divided by 13255.
1
What is the remainder when 4533978 is divided by 3097?
3067
What is the remainder when 134445 is divided by 16787?
149
What is the remainder when 12162142 is divided by 1369?
1315
What is the remainder when 45745199 is divided by 15248399?
2
What is the remainder when 46172 is divided by 815?
532
What is the remainder when 1999843 is divided by 45?
43
Calculate the remainder when 119295455 is divided by 6202.
6187
Calculate the remainder when 3425213 is divided by 39.
38
Calculate the remainder when 19182 is divided by 18839.
343
Calculate the remainder when 1639084 is divided by 3122.
34
What is the remainder when 2056916 is divided by 59?
58
What is the remainder when 18049531 is divided by 1235?
6
What is the remainder when 118310 is divided by 10080?
7430
What is the remainder when 10428275 is divided by 402?
395
Calculate the remainder when 3484448 is divided by 3325.
3173
What is the remainder when 148741 is divided by 25?
16
What is the remainder when 2249843 is divided by 3414?
17
What is the remainder when 143946999 is divided by 1106?
1099
Calculate the remainder when 53465 is divided by 53445.
20
Calculate the remainder when 2639691 is divided by 1483.
1434
What is the remainder when 241750 is divided by 2302?
40
Calculate the remainder when 1609374 is divided by 537.
522
What is the remainder when 8567091 is divided by 1425?
1416
Calculate the remainder when 734222 is divided by 806.
762
What is the remainder when 219173 is divided by 1811?
42
What is the remainder when 956738 is divided by 83?
80
What is the remainder when 33780 is divided by 1123?
90
Calculate the remainder when 11598 is divided by 603.
141
What is the remainder when 243538 is divided by 30183?
2074
What is the remainder when 2879536 is divided by 959831?
43
What is the remainder when 5429867 is divided by 775636?
415
What is the remainder when 157162 is divided by 3937?
3619
Calculate the remainder when 10523325 is divided by 1357.
1147
Calculate the remainder when 2510683 is divided by 239.
227
Calculate the remainder when 85065359 is divided by 10633169.
7
What is the remainder when 35476350 is divided by 94?
92
What is the remainder when 48826539 is divided by 98?
97
Calculate the remainder when 11253 is divided by 1564.
305
Calculate the remainder when 19476099 is divided by 32.
3
What is the remainder when 369761 is divided by 6711?
656
Calculate the remainder when 1846383 is divided by 460552.
4175
Calculate the remainder when 430126 is divided by 3840.
46
Calculate the remainder when 620825 is divided by 2971.
2857
What is the remainder when 9296425 is divided by 50800?
25
What is the remainder when 3479203 is divided by 1281?
7
What is the remainder when 55460 is divided by 44967?
10493
What is the remainder when 21950996 is divided by 32?
20
What is the remainder when 4183174 is divided by 2673?
2602
What is the remainder when 9828074 is divided by 849?
50
Calculate the remainder when 19839453 is divided by 728.
725
What is the remainder when 9716709 is divided by 96205?
4
What is the remainder when 147486 is divided by 48766?
1188
What is the remainder when 1857699 is divided by 325?
324
What is the remainder when 769899 is divided by 76985?
49
Calculate the remainder when 114340 is divided by 14256.
292
What is the remainder when 2235713 is divided by 304?
97
What is the remainder when 7527449 is divided by 150?
149
Calculate the remainder when 11885401 is divided by 558.
1
What is the remainder when 70135690 is divided by 3049377?
19
What is the remainder when 369350 is divided by 2325?
2000
Calculate the remainder when 46911 is divided by 198.
183
Calculate the remainder when 834340051 is divided by 1274.
1273
Calculate the remainder when 11221057 is divided by 372.
49
Calculate the remainder when 11403437 is divided by 28.
17
Calculate the remainder when 19543922 is divided by 64.
50
What is the remainder when 19736 is divided by 9737?
262
What is the remainder when 16087738 is divided by 146?
144
What is the remainder when 1543149 is divided by 39?
36
What is the remainder when 972500 is divided by 111?
29
Calculate the remainder when 383367 is divided by 1415.
1317
Calculate the remainder when 304411 is divided by 912.
715
Calculate the remainder when 44470155 is divided by 66.
15
What is the remainder when 24019865 is divided by 4392?
17
What is the remainder when 671 is divided by 148?
79
Calculate the remainder when 1308394 is divided by 327091.
30
Calculate the remainder when 73289 is divided by 993.
800
What is the remainder when 11126715 is divided by 445?
380
What is the remainder when 296378 is divided by 4993?
1791
What is the remainder when 6143 is divided by 2157?
1829
Calculate the remainder when 96831 is divided by 13805.
196
What is the remainder when 94045829 is divided by 2466?
2453
Calculate the remainder when 67502860 is divided by 3085.
3060
Calculate the remainder when 7221493 is divided by 1204.
1105
What is the remainder when 1862632 is divided by 7?
2
What is the remainder when 1116779 is divided by 367?
365
What is the remainder when 1890470 is divided by 79?
0
What is the remainder when 39944814 is divided by 17?
16
What is the remainder when 47121 is divided by 45768?
1353
What is the remainder when 6939819 is divided by 960?
939
Calculate the remainder when 7914802 is divided by 164.
162
Calculate the remainder when 21202687 is divided by 98.
93
What is the remainder when 3825305 is divided by 243?
242
Calculate the remainder when 556027 is divided by 43.
37
Calculate the remainder when 6015130 is divided by 2227.
3
Calculate the remainder when 1932095 is divided by 62323.
82
Calculate the remainder when 2784174 is divided by 696038.
22
Calculate the remainder when 51246236 is divided by 68.
8
Calculate the remainder when 2230897 is divided by 1247.
14
Calculate the remainder when 1448889 is divided by 245.
204
What is the remainder when 171278418 is divided by 586?
580
Calculate the remainder when 104236 is divided by 9012.
5104
What is the remainder when 160790759 is divided by 8385?
8384
What is the remainder when 9661296 is divided by 7945?
176
Calculate the remainder when 283945 is divided by 141.
112
Calculate the remainder when 37380 is divided by 549.
48
Calculate the remainder when 98726353 is divided by 52.
37
Calculate the remainder when 79805 is divided by 39779.
247
Calculate the remainder when 23140650 is divided by 36.
30
What is the remainder when 172984 is divided by 26?
6
Calculate the remainder when 5444 is divided by 1583.
695
What is the remainder when 495317 is divided by 49530?
17
Calculate the remainder when 124426 is divided by 878.
628
What is the remainder when 733657 is divided by 244390?
487
What is the remainder when 6981634 is divided by 17070?
4
Calculate the remainder when 120077 is divided by 40023.
8
What is the remainder when 278596 is divided by 31?
30
Calculate the remainder when 1707152 is divided by 189666.
158
Calculate the remainder when 606699 is divided by 1662.
69
What is the remainder when 477746 is divided by 29854?
82
Calculate the remainder when 19251549 is divided by 520312.
5
Calculate the remainder when 121362078 is divided by 280.
278
What is the remainder when 1632528 is divided by 12748?
784
What is the remainder when 15744868 is divided by 31?
30
Calculate the remainder when 342460652 is divided by 6.
2
What is the remainder when 262259 is divided by 94?
93
What is the remainder when 1881233 is divided by 8251?
5
What is the remainder when 677321 is divided by 338365?
591
Ca